erivative of u**2/2 + u + 4. Let y be a(1). Calculate the greatest common divisor of 5 and y.
1
Suppose -6*a + a - 15 = 0. Let d(k) = -6*k - 7. Let z be d(a). Calculate the greatest common factor of 77 and z.
11
Let r be (11 - 14)/(1/(-2)). What is the greatest common divisor of 15 and r?
3
Suppose -4*g - 472 = -5*y, 3*g - 4*y + 94 + 261 = 0. Let f = g + 185. What is the greatest common divisor of f and 18?
18
Suppose -5*f = -2*f + 12. Let x be -5*(-1)/(-2)*f. Let z be x/(-15)*(-21)/2. What is the greatest common factor of 28 and z?
7
Suppose -4*x + s + 163 = 0, -x = 3*x + 4*s - 188. Let t be 8/3*(-483)/(-46). What is the greatest common factor of t and x?
14
Let p = -78 + 138. What is the highest common factor of 20 and p?
20
Let y(x) = 7*x - 52. Let w be y(9). Calculate the greatest common factor of w and 143.
11
Let c be 3/(-2) + 124/8. Calculate the highest common divisor of c and 2.
2
Let j = 113 + -78. Suppose -4*x + j = -1. What is the highest common divisor of x and 81?
9
Let t(v) = -v**3 + 7*v**2 - 6*v + 5. Let j be t(6). What is the greatest common factor of j and 30?
5
Let v(f) be the first derivative of f**2 + 19*f + 2. Let y be v(-8). What is the greatest common divisor of y and 12?
3
Let t = 1 + 116. Calculate the greatest common factor of t and 9.
9
Let r be (-1192)/(-18) - 3/(81/6). Calculate the highest common divisor of 22 and r.
22
Let a be (-4)/5*25/(-5). Suppose -2*p + 79 = 3*f - 19, f - 34 = -2*p. What is the greatest common divisor of a and f?
4
Suppose 0 = -3*d - 7 + 169. What is the highest common factor of 27 and d?
27
Let i = -10 - -22. Let c be 7/(70/260) + 2/(-1). Calculate the highest common factor of i and c.
12
Let p be (-23)/115*-1*10. Calculate the highest common divisor of 10 and p.
2
Let y = 5 + 37. What is the greatest common factor of y and 21?
21
Let a be (-32)/(-5) - (-2)/(-5). What is the greatest common divisor of 42 and a?
6
Let q(x) = 14*x - 34. Let n be q(7). Calculate the greatest common divisor of n and 24.
8
Let z = 38 + -70. Let h = 82 + z. What is the highest common divisor of h and 20?
10
Let p(w) be the third derivative of w**5/60 + 5*w**4/24 - 3*w**3/2 + 2*w**2. Let r be p(-8). Calculate the highest common divisor of r and 15.
15
Suppose 3*w - 3*d - 48 + 15 = 0, d - 1 = 0. Calculate the greatest common factor of 48 and w.
12
Let h = -17 - -65. Calculate the highest common factor of h and 32.
16
Let o(i) = -46*i - 6. Let x be o(-6). Calculate the highest common factor of x and 27.
27
Let q(x) = -6*x**2 + x - 1. Let j be q(2). Suppose 172 = 45*m - 41*m. Let p = j + m. What is the highest common factor of p and 100?
20
Let z(k) = k**2 + 6*k + 3. Let c be z(-5). Let q = -12 - -25. Let s = q + c. What is the greatest common divisor of 55 and s?
11
Let h(a) = 2*a - 2. Let g be h(4). Let s = g + 14. What is the greatest common factor of 4 and s?
4
Let t(v) = -2*v**2 - 26*v + 12. Let y be t(-11). What is the greatest common factor of y and 14?
14
Let w(s) = -s**3 + 12*s**2 + s - 10. Let n be w(12). Let u be n*-6*12/(-9). Calculate the greatest common factor of u and 8.
8
Let x be 21*(0 - (-5)/3). Suppose -d - 4*d = 5*j - x, -4*d + 32 = 2*j. Suppose 5*l - 426 + 66 = 0. What is the highest common divisor of l and d?
9
Suppose 3*f = 2*z - 0*z - 75, 5*z + 4*f = 176. Calculate the highest common divisor of 18 and z.
18
Suppose -4*g + 20 = 0, -g = m - 0*m - 15. What is the highest common divisor of 10 and m?
10
Suppose 0*c = c + 7. Let s(t) = -t + 4. Let r be s(c). Calculate the highest common divisor of 1 and r.
1
Let n be -1 + 2 + 2 + -2. Let j(a) = -4*a**2 - 3*a**3 + 0 - a - a + n. Let t be j(-2). Calculate the greatest common factor of 65 and t.
13
Let q(f) = 2*f + 3. Let a be q(-9). Let y be (-3)/(-5) + (-96)/a. Calculate the highest common divisor of 7 and y.
7
Let t = 21 + -12. Calculate the greatest common divisor of t and 9.
9
Let s be 7 + 51/(-7) + 46/14. What is the greatest common divisor of 15 and s?
3
Suppose m - 30 + 21 = 0. What is the highest common factor of m and 6?
3
Let n be 33/(6*(-4)/(-32)). Suppose -i + 2*i + 3*l - 9 = 0, -i + 4*l + n = 0. What is the highest common factor of i and 12?
12
Let h be ((-3)/6)/((-1)/10). Suppose 0 = -h*a - 3 + 193. Suppose 2*x + 32 = 5*d - 263, 3*x + 15 = 0. Calculate the highest common factor of a and d.
19
Let m(g) = -g + 4*g - 2*g + 9. Let a be ((-5)/(15/(-12)))/(-1). Let d be m(a). Calculate the highest common divisor of d and 35.
5
Let u(r) = r**3 - 6*r**2 + r + 3. Let f be u(6). Suppose f + 0 = 3*z. Suppose -m + z*m = 72. Calculate the greatest common divisor of m and 9.
9
Suppose 4*f = 3*p + 261, 0*p = 4*f - 5*p - 267. What is the highest common factor of 7 and f?
7
Let v be (-1)/(-2)*(2 - -2). Let a(y) = y**v - 2*y + 5*y - y - 3 - 4*y. Let u be a(4). What is the highest common factor of u and 45?
5
Suppose 5*a + 128 = 4*k, 34 - 130 = -3*k - 2*a. Suppose 3*g + 5 = 41. Let z = g + -8. Calculate the greatest common factor of k and z.
4
Suppose z - 5*z + 104 = 0. Let j = 93 + -4. Suppose -j = -3*f - z. Calculate the highest common divisor of 21 and f.
21
Let q(v) = v**2 + 5*v + 6. Let y be q(-8). Calculate the highest common factor of y and 45.
15
Let r = -16 - -20. Calculate the greatest common factor of 48 and r.
4
Suppose 0 = q + 4*q - 220. Suppose -3*v + q = 4*s, 0 = v + 2*s - 26 + 8. Suppose -t - 48 = -4*t. What is the highest common factor of v and t?
8
Let v = 94 - 92. What is the highest common divisor of 32 and v?
2
Let s = 1 + 11. Suppose 3*i = -o - 4*o + 475, o = -5*i + 755. Suppose r + i = 6*r. Calculate the greatest common factor of r and s.
6
Suppose -8*n - 16 = -4*n. Let m(t) = -t**3 - 4*t**2 - t + 7. Let s be m(n). Calculate the highest common divisor of s and 44.
11
Suppose 40 = u + 15. Suppose 2*b = 3*b - u. Suppose 0 = -5*r + 5*k + b, 3*r - 1 = k + 16. Calculate the greatest common factor of 48 and r.
6
Let g = 28 + -9. Calculate the greatest common factor of g and 171.
19
Let a(s) = 2*s**2 - 6*s. Let z be a(-6). Suppose m = -3*m + z. Suppose 5 = 2*l - m. What is the greatest common factor of l and 176?
16
Suppose 0 = 5*i - 15, -4*d + 70 = -3*i + 5*i. Calculate the greatest common divisor of d and 40.
8
Let b = 1041 - 443. Let j be b/18 - 22/99. What is the greatest common factor of 3 and j?
3
Let p(l) be the third derivative of l**4/24 + 7*l**3/6 + l**2. Let v be p(-5). Let w be 11*(4 - v)/1. What is the greatest common factor of 2 and w?
2
Let z(c) = -c**3 - 2*c**2 + 3*c - 5. Let l be z(-4). Let k = 41 - l. What is the highest common factor of k and 234?
26
Let u be 3/(-9) + (-34)/(-3). Suppose -3*t = -5*s - 157, -5*s - 113 = -2*t - 0*t. What is the highest common divisor of t and u?
11
Let z(p) = -p**3 + 6*p**2 + 8*p - 5. Let a be z(7). Suppose -52 + 164 = a*y. Suppose 4*d - y = 3*d. Calculate the highest common divisor of d and 14.
14
Let v = -7 + 26. Suppose 4*f + 0 = 4*r + 4, 0 = -3*f - 4*r - 32. Let w be (-455)/(-3) - f/12. Calculate the greatest common divisor of w and v.
19
Suppose 0 = -12*t + 18*t - 24. Let b(n) = 7*n - 1. Let s be 2/(-1)*1/(-2). Let d be b(s). Calculate the greatest common factor of t and d.
2
Let f(p) = 4*p - 28. Let d be f(8). Calculate the highest common divisor of 20 and d.
4
Let g = 4 + 6. Suppose 27 = 2*o + 5*p, -5*o - 3*p = -10*o - g. What is the highest common divisor of o and 2?
1
Let c be ((-315)/14)/15*16/(-6). What is the highest common divisor of c and 36?
4
Suppose 2*j - 9 = 2*n - n, 0 = -4*n - 2*j - 16. Let r = n + 7. Let c be -1*r - (5 - 22). What is the greatest common divisor of 135 and c?
15
Suppose 2*f - 3*r = 28, -2*r + 1 - 33 = -2*f. Suppose -47*t = -48*t + 30. What is the greatest common divisor of t and f?
10
Let t(r) = 21*r - 347. Let s be t(17). Let a = 7 - 4. Suppose -3*k = a*n + k - 116, 5*k - 155 = -4*n. What is the greatest common factor of s and n?
10
Let f(y) = -y**2 - 10*y - 4. Let k be f(-6). What is the greatest common divisor of k and 140?
20
Let c(g) = -4*g - 20. Let x be c(-21). Calculate the highest common factor of x and 8.
8
Let d be 176/6 - 11/33. What is the highest common factor of 203 and d?
29
Suppose 0*v = v + 2. Let d be (0 + 4)/(v/(-5)). Calculate the highest common divisor of 25 and d.
5
Suppose 4*a = -4*g + 100, -2*a - 5*g = a - 71. Let v(c) = 3*c